 7, 10627
List the prime factors of 754737.
3, 19, 13241
What are the prime factors of 2420156?
2, 605039
What are the prime factors of 281138?
2, 11, 13, 983
What are the prime factors of 11358?
2, 3, 631
List the prime factors of 1483096.
2, 89, 2083
What are the prime factors of 17947914?
2, 3, 41, 72959
List the prime factors of 5081109.
3, 11, 107, 1439
List the prime factors of 334776.
2, 3, 13, 29, 37
List the prime factors of 3931316.
2, 982829
List the prime factors of 7403739.
3, 7, 41, 8599
What are the prime factors of 92442?
2, 3, 7, 31, 71
List the prime factors of 16250188.
2, 4062547
What are the prime factors of 2469568?
2, 47, 821
What are the prime factors of 383031?
3, 11, 53, 73
What are the prime factors of 2461019?
11, 43
What are the prime factors of 6683051?
37, 180623
List the prime factors of 1583989.
11, 143999
What are the prime factors of 16894134?
2, 3, 938563
List the prime factors of 1028152.
2, 128519
List the prime factors of 5458403.
2039, 2677
What are the prime factors of 37137?
3, 12379
What are the prime factors of 2071214?
2, 1035607
What are the prime factors of 583469?
583469
List the prime factors of 371003.
353, 1051
What are the prime factors of 396058?
2, 13, 15233
What are the prime factors of 1374615?
3, 5, 11, 2777
What are the prime factors of 3883801?
163, 23827
List the prime factors of 2830711.
13, 217747
List the prime factors of 23533026.
2, 3, 11, 356561
What are the prime factors of 8444957?
8444957
List the prime factors of 6673959.
3, 19, 31, 1259
What are the prime factors of 2710756?
2, 41, 16529
What are the prime factors of 9665056?
2, 31, 9743
What are the prime factors of 349515?
3, 5, 863
List the prime factors of 202409.
202409
List the prime factors of 133190.
2, 5, 19, 701
What are the prime factors of 1561303?
1561303
List the prime factors of 778110.
2, 3, 5, 37, 701
List the prime factors of 9760018.
2, 241, 20249
List the prime factors of 6691818.
2, 3, 7, 283, 563
What are the prime factors of 11506785?
3, 5, 23, 33353
What are the prime factors of 2532726?
2, 3, 7, 20101
What are the prime factors of 2034972?
2, 3, 56527
What are the prime factors of 841077?
3, 31151
List the prime factors of 718465.
5, 11, 13063
List the prime factors of 4151898.
2, 3, 8543
List the prime factors of 7937621.
7937621
List the prime factors of 250518.
2, 3, 43, 971
What are the prime factors of 289152?
2, 3, 251
What are the prime factors of 1054694?
2, 527347
List the prime factors of 3110806.
2, 103, 15101
List the prime factors of 3511473.
3, 7, 167213
List the prime factors of 350024.
2, 43753
What are the prime factors of 23157088?
2, 47, 89, 173
What are the prime factors of 3975996?
2, 3, 331333
What are the prime factors of 174466?
2, 83, 1051
What are the prime factors of 2684700?
2, 3, 5, 19, 157
What are the prime factors of 1168005?
3, 5, 77867
List the prime factors of 16236730.
2, 5, 1193, 1361
List the prime factors of 12962.
2, 6481
List the prime factors of 2393467.
2393467
What are the prime factors of 1217754?
2, 3, 7517
List the prime factors of 1598043.
3, 73, 7297
What are the prime factors of 4951576?
2, 7, 29, 3049
What are the prime factors of 492257?
492257
What are the prime factors of 526068?
2, 3, 4871
List the prime factors of 14400847.
47, 347, 883
What are the prime factors of 16634760?
2, 3, 5, 67, 2069
List the prime factors of 467843.
23, 20341
What are the prime factors of 40542072?
2, 3, 1689253
What are the prime factors of 15141891?
3, 43, 107, 1097
What are the prime factors of 1229016?
2, 3, 41, 1249
List the prime factors of 162946.
2, 7, 103, 113
What are the prime factors of 8305324?
2, 2076331
List the prime factors of 1018942.
2, 79, 6449
List the prime factors of 1691156.
2, 422789
What are the prime factors of 18261161?
1549, 11789
List the prime factors of 667830.
2, 3, 5, 113, 197
List the prime factors of 1807387.
1807387
List the prime factors of 195628.
2, 48907
What are the prime factors of 8521697?
43, 198179
What are the prime factors of 74590?
2, 5, 7459
What are the prime factors of 4628943?
3, 11, 46757
List the prime factors of 938152.
2, 117269
What are the prime factors of 426885?
3, 5, 149, 191
List the prime factors of 659847.
3, 23, 73, 131
List the prime factors of 1295205.
3, 5, 79, 1093
List the prime factors of 948973.
948973
List the prime factors of 1035608.
2, 7, 18493
List the prime factors of 2057182.
2, 107, 9613
What are the prime factors of 1697?
1697
What are the prime factors of 244229?
283, 863
What are the prime factors of 292804?
2, 71, 1031
List the prime factors of 1007611.
11, 139, 659
What are the prime factors of 4552005?
3, 5, 17, 17851
List the prime factors of 22884667.
13, 1760359
What are the prime factors of 12796262?
2, 79, 80989
What are the prime factors of 2632458?
2, 3, 31, 14153
What are the prime factors of 107116?
2, 61, 439
List the prime factors of 138095.
5, 71, 389
List the prime factors of 170418.
2, 3, 28403
What are the prime factors of 79273?
79273
What are the prime factors of 453816?
2, 3, 11, 191
List the prime factors of 3323355.
3, 5, 7, 31, 1021
What are the prime factors of 239816?
2, 31, 967
List the prime factors of 13823613.
3, 31, 49547
List the prime factors of 1039902.
2, 3, 263, 659
List the prime factors of 343939.
343939
List the prime factors of 24172.
2, 6043
List the prime factors of 2998150.
2, 5, 61, 983
List the prime factors of 232427.
13, 19, 941
What are the prime factors of 650734?
2, 7, 53, 877
List the prime factors of 84964.
2, 11, 1931
What are the prime factors of 323229?
3, 163, 661
What are the prime factors of 2751283?
23, 37, 53, 61
What are the prime factors of 774899?
827, 937
What are the prime factors of 11284742?
2, 7, 373, 2161
List the prime factors of 632186.
2, 43, 7351
List the prime factors of 10231915.
5, 53, 38611
What are the prime factors of 22529823?
3, 53, 141697
What are the prime factors of 231252?
2, 3, 7, 2753
What are the prime factors of 162725?
5, 23, 283
List the prime factors of 1446899.
1446899
What are the prime factors of 1730758?
2, 865379
What are the prime factors of 6746584?
2, 13, 64871
List the prime factors of 27976.
2, 13, 269
List the prime factors of 26432006.
2, 13216003
List the prime factors of 168261.
3, 56087
What are the prime factors of 79059?
3, 19, 73
List the prime factors of 72335.
5, 17, 23, 37
List the prime factors of 132892.
2, 33223
What are the prime factors of 19729273?
19729273
List the prime factors of 11085251.
11085251
List the prime factors of 2244709.
41, 53, 1033
List the prime factors of 15108638.
2, 7554319
What are the prime factors of 3788259?
3, 1262753
What are the prime factors of 1161381?
3, 13, 97, 307
What are the prime factors of 14177488?
2, 13, 68161
List the prime factors of 2994967.
67, 44701
List the prime factors of 2495374.
2, 7, 25463
What are the prime factors of 26419?
29, 911
List the prime factors of 3254945.
5, 193, 3373
What are the prime factors of 266406?
2, 3, 7, 6343
What are the prime factors of 548668?
2, 73, 1879
What are the prime factors of 2259273?
3, 753091
What are the prime factors of 4287458?
2, 7, 306247
What are the prime factors of 1033588?
2, 233, 1109
What are the prime factors of 193644?
2, 3, 11, 163
List the prime factors of 533930.
2, 5, 107, 499
What are the prime factors of 3209927?
7, 139, 3299
What are the prime factors of 26318661?
3, 59, 148693
What are the prime factors of 168420?
2, 3, 5, 7, 401
List the prime factors of 13566226.
2, 97, 69929
What are the prime factors of 130388?
2, 37, 881
What are the prime factors of 31040229?
3, 11, 67, 101, 139
List the prime factors of 1832509.
7, 261787
What are the prime factors of 2540700?
2, 3, 5, 941
List the prime factors of 70802.
2, 35401
List the prime factors of 448252.
2, 7, 2287
What are the prime factors of 27853169?
27853169
List the prime factors of 26739919.
227, 117797
List the prime factors of 37272.
2, 3, 1553
What are the prime factors of 500192?
2, 7, 11, 29
What are the prime factors of 3449834?
2, 73, 23629
List the prime factors of 217534.
2, 23, 4729
List the prime factors of 34394.
2, 29, 593
What are the prime factors of 440561?
11, 331
List the prime fact